pose 47863 = 314*p - 291*p. List the prime factors of p.
2081
Let q = -415 + 1033. What are the prime factors of q?
2, 3, 103
What are the prime factors of (-511)/28*5*-8?
2, 5, 73
Suppose -51 = -12*q + 2817. Let s = q - 21. List the prime factors of s.
2, 109
Let v = -7 + 13. Let u be (27/v)/(2/4). Suppose -i + 16 + u = 0. What are the prime factors of i?
5
Let c be ((2 - 2)/3)/1. Suppose 5*f - 15 = -c*f. Suppose -3*s + 156 = 3*h, 0 = f*h - 3 + 6. List the prime factors of s.
53
Let f be ((-318)/9)/(6/9). List the prime factors of f/(-2) + 27/(-18).
5
Let c = 10 - 11. Let k be c/(1 + 126/(-129)). Let v = -26 - k. List the prime factors of v.
17
Let z(i) = 11*i + 3. Let l(t) = -6*t - 1. Let r(c) = 7*l(c) + 4*z(c). Suppose 37 = 4*h + 5*f, 3*h + f - 9 = 16. What are the prime factors of r(h)?
3, 7
Let g be 113/1 - (-2 + 6). Suppose 2*f - g = -3*s + 46, -2*f + 2*s = -140. What are the prime factors of f?
73
List the prime factors of -6 + 1 - (-547 + 122).
2, 3, 5, 7
Suppose -2*k - 3*n = -2469, -k - 4*n + 3*n + 1236 = 0. What are the prime factors of k?
3, 7, 59
Let j be 1 + (-18)/14 + (-185)/(-35). Suppose -j*d + 1010 = 5*l, 0 = -2*d - 10 + 2. List the prime factors of l.
2, 103
Suppose 4 = -4*q, 39 = j + j - q. Suppose j*u + 415 = 24*u. List the prime factors of u.
83
Suppose 4*a = -0*a + 20. Suppose -2*h - 3*v = -a, -2*v = v + 15. List the prime factors of h.
2, 5
Let l = 1191 - 613. What are the prime factors of l?
2, 17
Suppose -5555 = -24*k + 13*k. What are the prime factors of k?
5, 101
Let y(z) = 60*z**2 - 8*z - 17. List the prime factors of y(-3).
547
Let k(z) = 3*z**2 + z**3 + 12*z**2 + 9*z - 45 + 0*z**3 + 36. What are the prime factors of k(-13)?
2, 53
Suppose 4*s = 3*p + 6*s - 9, 4*p - 23 = s. List the prime factors of 1 + 0 + -3 + p.
3
What are the prime factors of 1137 - (-1)/(5/(-45))?
2, 3, 47
Let b = 105 - 82. Suppose q = -2*z - b + 59, 6 = -3*z. List the prime factors of q.
2, 5
Let g = -82 + 170. List the prime factors of g.
2, 11
Suppose -3*y + 386 = -5*j, y - 392 = 5*j - 0*j. Let n be (124/6)/((-13)/(-78)). Let v = j + n. What are the prime factors of v?
3, 5
Let f = -1404 - -2643. List the prime factors of f.
3, 7, 59
Let b = -1926 - -3417. List the prime factors of b.
3, 7, 71
Let f(y) = -9*y - 4. Let q(c) = -10*c - 5. Let d(t) = 3*f(t) - 2*q(t). List the prime factors of d(-5).
3, 11
Let o = 682 - 980. Let n = -198 - o. What are the prime factors of n?
2, 5
What are the prime factors of 8*4/8 + (258 - 0)?
2, 131
Suppose -2*f - 4*o = -3*f - 8, -o + 2 = -3*f. Suppose -a - 2*a = f. Suppose 5*x - 207 + 22 = a. What are the prime factors of x?
37
Let k = -217 - -839. List the prime factors of k.
2, 311
Let q = 16 + -10. Let k(m) = 6 - 2*m - 4*m - 10 - 15*m**2 + 23*m**2 - m**3. What are the prime factors of k(q)?
2
Suppose 5*x - f + 70 = 0, 3*x = 2*x - 4*f - 35. Let r = 14 + x. What are the prime factors of 1 - (3/r - 19)?
23
Let i be -1261*(-1)/3 + 7/(-21). Suppose 3*g = -2*g + i. List the prime factors of g.
2, 3, 7
Suppose -h = 0, 0*w = 2*w + 4*h - 1506. List the prime factors of w.
3, 251
Suppose -d = 3*p - 4*d, -4*d = -p. Let i be (-33)/(1 + p - 2). What are the prime factors of (i - -2 - -3)*1?
2, 19
Suppose 101 = 3*t - 70. Suppose -t - 57 = -g. List the prime factors of g.
2, 3, 19
List the prime factors of (2 + (-32)/12)/((-6)/9054).
2, 503
Let h(u) = -u**3 - 13*u**2 + 3*u - 10. Let f be h(-6). Let k = 408 + f. List the prime factors of k.
2
Suppose -2*m - 7*t = -2*t - 103, -4*t - 192 = -4*m. Suppose 78 = g + g - 4*k, g - 4*k = m. List the prime factors of g.
29
Let l(a) = -5*a**2 + a. Let n be l(-2). Let i = 23 + n. Suppose -s = v - i, 5*s - 14 + 2 = 2*v. What are the prime factors of s?
2
Let u(w) = 3*w**3 - w**2 - 1. Let q(t) = 9*t**3 - 2*t**2 - 3. Let j(c) = 2*q(c) - 7*u(c). Let r be j(3). Let v = r + 87. What are the prime factors of v?
2, 17
Suppose -y - 5*m - 18 = 0, 18 = 3*y - 2*y - 4*m. List the prime factors of y*(-4)/8 - -15.
2, 7
Suppose 0 = 34*t - 132*t + 484414. List the prime factors of t.
4943
Suppose -8 = -2*w + w + h, -2*w = h - 19. Let d = w - -60. List the prime factors of d.
3, 23
Let u(w) = -w**2 - 24*w + 7. Suppose 0 = -2*x - x + 9, 5*x = -4*o - 41. List the prime factors of u(o).
3, 7
Suppose -21 = -c - 3*w - 83, 4*c + 5*w + 227 = 0. Let k = 72 + c. What are the prime factors of k?
19
Let q be -15*(16/(-20) - 2). Suppose -5*t = -b + q, -5*b + 270 = -0*b + 5*t. List the prime factors of b.
2, 13
Let x(q) = -q**3 - 6*q**2 - 6*q + 10. Let i be x(-8). Suppose 0 = -5*d + 8*d - i. List the prime factors of d.
2, 31
Let o(w) = -2*w - 4. List the prime factors of o(-5).
2, 3
Let r = -5 - -7. Let z(k) = k**2 - 3*k - 10. Let p be z(4). What are the prime factors of ((-13)/r)/(3/p)?
13
Let n(g) = 1 + 8 + 2*g + 1. Suppose -11*v + 4*v = -35. What are the prime factors of n(v)?
2, 5
Suppose 3 = 7*l - 6*l. Let h = 17 - 30. List the prime factors of (l + h)*(-8)/5.
2
Let l be 3/5*(-30)/(-3). Let j be (-3)/l*0/(-1). List the prime factors of (-21)/(-1 - j/(-2)).
3, 7
Suppose -d - 5*x = -0*d - 438, -x - 444 = -d. List the prime factors of d.
443
Let i(k) be the second derivative of k**4/3 + k**3/3 - 2*k**2 - 37*k. Suppose -5*a = -0 + 15. List the prime factors of i(a).
2, 13
Suppose 3*x - 3*o - 74 - 178 = 0, 2*o - 318 = -4*x. Suppose -316 = -2*v + 4*u, u = 4*v - x - 537. What are the prime factors of v?
2, 7, 11
Suppose 0 = -4*p - 2*i + 6012, -12*p = -14*p - 3*i + 3014. List the prime factors of p.
19, 79
Let t be (-36)/(-16)*64/6. Let w = 256 + t. List the prime factors of w.
2, 5, 7
Let a = -1440 - -3715. What are the prime factors of a?
5, 7, 13
Let o(z) be the second derivative of 7*z**6/720 + 11*z**4/12 - 10*z. Let u(v) be the third derivative of o(v). What are the prime factors of u(5)?
5, 7
Let s be (-498)/(-12) - 1/(-2). What are the prime factors of (-1358)/s*3*-1?
97
List the prime factors of (-4705)/((-8)/(288/60)).
3, 941
Suppose 5*u - 25 = m - 2*m, 76 = 4*m - 4*u. Let a = m - 15. Suppose -8 + a = -w. List the prime factors of w.
3
Let k(y) = 4*y**2 - 4*y - 3. Let q = -18 + 24. List the prime factors of k(q).
3, 13
Suppose 2*k = 5*y - 121, 2*k - 29 = -0*y - y. Let v = y + -20. Suppose 5*q = 3*j + 142, v*q = -0*j + 4*j + 146. What are the prime factors of q?
2, 13
Suppose -4*n + 36 = 4*g, 21 = g - 2*n + 3. Let x be (-4)/10 - (-23)/(-5). Let v = g + x. What are the prime factors of v?
7
Let p be 8/(-56) - (-5392)/14. Let a = -254 + p. What are the prime factors of a?
131
Let v = 341 + 514. List the prime factors of v.
3, 5, 19
Let f(m) be the first derivative of -m**4/2 + m**3/3 - 8*m - 19. List the prime factors of f(-4).
2, 17
Let a = -174 + 411. What are the prime factors of a?
3, 79
Let r = -202 - -460. List the prime factors of r.
2, 3, 43
What are the prime factors of 204/306 + 5305/3?
29, 61
Suppose -5*b - 1188 = 13*r - 14*r, -4*r - b = -4857. What are the prime factors of r?
1213
Suppose 4115 = 202*u - 197*u. List the prime factors of u.
823
Suppose 4*f = 2*t + 4, -2*t - 3*f = -6*t - 3. Let l(i) = 4 - 27 + 5*i + t*i. What are the prime factors of l(13)?
2, 3, 7
Suppose 4*j + 17 = -s + 3*j, s - j = -19. Suppose -5*y = -2*w - 24, y - 12 = 2*w - 4. What are the prime factors of 27/s - 9/w?
3
Let a = 36 - 21. Let x = a + -19. Let r(j) = -j**3 - j**2 + 3. What are the prime factors of r(x)?
3, 17
Let q(p) = -5*p + 8*p + 0*p - 6 + 8*p. What are the prime factors of q(4)?
2, 19
Suppose 0 = 3*h + 9, -2*h + 5*h = -a + 225. Let q(j) = 2*j**3 - 5*j**2 + 5*j - 2. Let r be q(3). What are the prime factors of r/77 + a/14?
17
Suppose 3*h = 2*h + 3*l - 12, 16 = 4*h + 4*l. Suppose h = 3*d + 36. Let w = d + 38. What are the prime factors of w?
2, 13
Suppose 0 = -4*b + 2*l + 1730, -2*b + 2*l + 862 = -2*l. What are the prime factors of b?
433
Suppose 4*k - 17 = -5, -4*k = -q + 61. Suppose 4*s - q = 115. What are the prime factors of s?
47
Suppose -l - 1 - 4 = 0, 4*c - l + 103 = 0. Let d = 14 + c. Let r(b) = -b**3 - 12*b**2 + 9*b + 9. What are the prime factors of r(d)?
61
Let l = -1248 + 2184. Suppose -15*f - l = -19*f. Suppose 5*c - f = -c. What are the prime factors of c?
3, 13
Let v(w) = w**2 - 6*w - 4. Let c be v(5). Let h be 11/c - 10/(-45). What are the prime factors of 22 - (-2 - -2 - h)?
3, 7
Let b = -928